1*w - 19. Let u(k) = i*q(k) + 4*c(k). Give u(-5).
10
Let h = -1 - 2. Let d(s) = -6*s**3 - s**2 - 3*s - 8. Let c(t) = -7*t**3 - t**2 - 4*t - 9. Let b(l) = -5*c(l) + 6*d(l). What is b(h)?
9
Let o(y) = -7*y - 2. Let p(g) = -g**3 - g**2 + 3*g + 6. Let q be p(-2). What is o(q)?
-30
Let c(n) = 6*n**3 - n**2. Let g(f) = f**2 + 6*f + 1. Suppose y + 10 = -o, 2*y + 9 = 1. Let m be g(o). Calculate c(m).
5
Let p(j) = -j**3 + 9*j**2 + 10*j - 6. Let v be (-328)/(-160)*5 + 2/(-8). What is p(v)?
-6
Let q(t) = 2*t + 1. Let o(i) = 3 - 1 - 1. Let w(y) = 6*o(y) - q(y). Suppose u + 25 = 6*u + s, 2*u - s - 10 = 0. Determine w(u).
-5
Let b(f) = -f**2 + 21*f + 12. Let w(v) = v**2 - 14*v - 8. Let d = 53 + -74. Let j = -16 - d. Let u(x) = j*b(x) + 7*w(x). Give u(-4).
8
Let m(o) be the third derivative of 0*o + 1/60*o**5 + 5/24*o**4 + 0 + 5/6*o**3 + 2*o**2. Suppose -2942*u + 72 = -2960*u. Determine m(u).
1
Suppose 0 = 3*a + a, 4*u + 5*a = 0. Let p(i) be the second derivative of -1/12*i**4 + 0*i**2 + 4*i - 1/20*i**5 + 0 - 1/6*i**3. Calculate p(u).
0
Let r(z) = 7*z**2 + 8*z - 21. Let f(k) = 4*k**2 + 4*k - 11. Let b(m) = -5*f(m) + 3*r(m). Let l(a) = -7*a + 7. Let p be l(2). Determine b(p).
13
Let m(d) = d + 1. Let t(x) = 5*x + 4. Let y(n) = -n**3 + 5*n**2 - 3*n + 2. Let a be y(3). Let o(z) = a*m(z) - 2*t(z). Give o(-3).
0
Let q(y) = -5*y**2 + 2*y - 1. Let p(u) = 7*u**2 - u. Let f(k) = 2*p(k) + 3*q(k). Give f(5).
-8
Let i(w) = -w**3 + w**2 + 2*w + 1. Suppose 58 = -8*x + 74. Calculate i(x).
1
Let j(n) be the first derivative of -n**4/4 + n**3 - 4*n - 1. Suppose -10*p + 11*p = -4*m + 3, 3*m = 0. Calculate j(p).
-4
Let s(w) = -4*w + 25. Let c(k) = -k**2 + 62*k - 227. Let x be c(58). Determine s(x).
5
Let d(c) = -2 + 3 + 0*c - 6*c + 4*c + 10*c**2. Let u be 80/(-4)*4/10. Let r be 4*4/u + 3. Calculate d(r).
9
Let l(n) = 53 - 4*n**2 - 51 + 4*n**3 - 4*n**2 + 4*n**2 - 2*n. Calculate l(2).
14
Let j(h) = 28*h**3 - h. Let o(k) = 2*k**2 - k + 1. Let u be o(1). Suppose -4*t - 7 = -3*p - 0, -4*p - u*t = -2. Determine j(p).
27
Let j(f) = 2*f + 6. Let a be -3 - 6/9*3. Let r be (0 - (0 + 0))/(-2). Let v = a + r. Give j(v).
-4
Let d(j) = -95 + 5*j - j + 3*j + 0*j + 94. Suppose -4 = -h - 3*h. What is d(h)?
6
Let c(b) = -b**3 - 2*b**2 + b - 4. Let r(a) = 3*a**3 + 7*a**2 - 4*a + 13. Let v(q) = 7*c(q) + 2*r(q). Let y be 15/(-9)*(-60)/50. Determine v(y).
-12
Let f(s) = -s**3 + s**2 - s + 1. Let n(p) = -p**2 - 6*p + 9. Suppose 3*v = -2*j - 29, v = -0*j + j + 2. Let a be n(j). Give f(a).
-5
Let t = -50 - -50. Let o be 0 + (0 - 0) + t. Let f(l) = l + 6. Determine f(o).
6
Let l(r) = 3*r + 3. Let g be l(3). Let q be g/5 - (-15)/25. Let h(c) = -c - 2*c + 7 - c**2 - q*c. Calculate h(-7).
0
Let x(z) = 7*z - 2. Let b(v) = -3*v + 1. Let r(d) = 5*b(d) + 2*x(d). What is r(-4)?
5
Let k(g) = -g**3 + g**2 - 1. Let b(q) = -3*q - 13. Suppose r = -2*r + 5*f - 30, r = -5*f + 10. Let j be b(r). What is k(j)?
-5
Let w(d) = 4*d + 4. Let v(f) = -f - 6. Let a(u) = 6*u**2 + 3*u + 1. Let x be a(-1). Suppose x*t = 4*g, g - t - t - 3 = 0. Let j be v(g). Give w(j).
-8
Let h(n) be the third derivative of -1/3*n**3 - 31*n**2 - 1/60*n**5 - 1/3*n**4 + 0 + 0*n. Determine h(-7).
5
Let r = -7 + 1. Let t be (4/(-6))/(r/45). Let l(q) = 5*q**2 - 2*q + 1. Let v(w) = -11*w**2 + 5*w - 2. Let x(p) = 13*l(p) + 6*v(p). Calculate x(t).
-4
Let x = 18 + -9. Let n = x - 9. Suppose -3*c + 3 = -n. Let h(b) = -8*b**2 + b. Determine h(c).
-7
Let a(t) be the second derivative of t**5/20 + 5*t**4/12 - 4*t**3/3 - 7*t**2 + 2*t + 10. Give a(-6).
-2
Let i be (6/1)/(-1 + 3). Suppose 17 = y - i*d, 1 + 1 = 2*y + 2*d. Let v(f) = -f + f**3 + 1 - 5*f**3 + 4*f**2 + y*f**3. Calculate v(-4).
5
Let c(a) = -2*a**2 + 5*a + 7. Let m be 2*(18/4 - 2). Suppose 0 = -2*u + m + 5. Calculate c(u).
-18
Let p(q) = 21*q**2 + 16*q + 8. Let k(s) = -20*s**2 - 14*s - 7. Let a(n) = 7*k(n) + 6*p(n). What is a(-1)?
-13
Suppose -5*g + 4*t + 51 = -57, 3*t = -5*g + 94. Let s(v) = 1 - g - v + 0 + 7. What is s(0)?
-12
Let v(g) = 3*g - 22. Let h(m) = -m + 11. Suppose 4*d = 16, -k = 2*d - 8 - 2. Let w(o) = k*v(o) + 5*h(o). Calculate w(-9).
2
Suppose -4 = -p, 2*w + 5*p = p + 92. Let x(k) = 78*k - 43*k - w*k. Give x(-1).
3
Let z(b) = 5*b**2 + 1. Let l(a) = a + 15. Let f(s) = -5. Let v(k) = -7*f(k) - 2*l(k). Let d be v(3). Determine z(d).
6
Let g(a) = -13*a**3 - 19*a**2 + a - 26. Let m(i) = 4*i**3 + 6*i**2 + 8. Let y(j) = -3*g(j) - 10*m(j). Calculate y(-4).
26
Let y(m) be the third derivative of m**6/120 + 2*m**5/15 - m**4/24 - 4*m**3/3 - 8*m**2 - 4. Give y(-8).
0
Let g be (4 - 12/6)/(24/14). Let a(m) be the third derivative of -2*m**2 + 0 + 1/8*m**4 + 0*m - g*m**3. What is a(6)?
11
Let t(l) = -18*l**2 - l - 6. Let v(y) = y + 14*y**2 + y**2 + 5 + 2*y**2. Let r(o) = 5*t(o) + 6*v(o). Suppose 5*x + 2 = -3. Calculate r(x).
11
Let i(g) = 54*g**3 + 6*g**2 + 3*g - 12. Let a(l) = -19*l**3 - 2*l**2 - l + 4. Let p(u) = -17*a(u) - 6*i(u). What is p(-3)?
16
Let g = 281 - 277. Let s(j) = -j**3 + 3*j**2 + j + 6. Calculate s(g).
-6
Let u = 457/186 - -4/93. Let k(n) be the first derivative of n**3 - 8 - 1/4*n**4 - 6*n + u*n**2. Calculate k(4).
-2
Let k(q) = q**2 - 9*q - 8. Let a be (12 - (-639)/(-27))*(-6)/7. What is k(a)?
2
Let h(j) be the third derivative of j**7/840 - j**6/180 + j**5/60 - j**4/6 + 5*j**3/6 - 29*j**2. Let u(x) be the first derivative of h(x). Give u(3).
11
Let p(c) be the first derivative of -c**2/2 + 6*c - 7. Determine p(0).
6
Let g = -6 - -6. Let s(n) = n - 5. Let k be s(10). Let w(j) = 4*j - k - 6*j + j. Give w(g).
-5
Let d(k) be the first derivative of -14*k - 20 + 1/3*k**3 + 1/4*k**4 - 1/2*k**2. Determine d(0).
-14
Let f = 734 + -739. Let x(w) = w**2 + 3*w - 6. What is x(f)?
4
Let h = 268 + -273. Let a(f) = -f**3 - 5*f**2 + f + 4. What is a(h)?
-1
Let u(y) be the first derivative of -y**5/120 + 7*y**4/24 - 4*y**3 + 14. Let b(x) be the third derivative of u(x). Calculate b(-5).
12
Let t(s) = -7 + s + 5 - 4*s**2 + 4*s - 37*s**3 + 38*s**3. Give t(4).
18
Let f be -1 - (26 + (0 - -3)). Let o be ((-10)/25)/(3/f). Let t(x) = 3*x**2 + x**3 - 5*x**2 - o*x - 6 + 5. Give t(3).
-4
Let g(l) = 3*l - 8*l - 2*l + 2*l. Give g(-1).
5
Suppose 16 + 31 + 37 = -14*p. Let b(n) = n**3 + 13*n**2 + 13*n + 1. Let g(f) = 3*f**3 + 38*f**2 + 38*f + 3. Let r(s) = -17*b(s) + 6*g(s). Give r(p).
-5
Let y(o) = o - 10. Let l = 67 + -30. Let h = -37 + l. What is y(h)?
-10
Let y(l) be the first derivative of -3*l**2 + 1/4*l**4 + 5/3*l**3 + 0*l + 7. What is y(-6)?
0
Let c = -684 + 672. Let w(i) = i**2 + 11*i - 11. What is w(c)?
1
Let v(f) = 2*f - 1. Suppose g = -3*g. Suppose g = n - 6 + 3. Suppose -a = n*m - 11, -5*a - 11 - 10 = -4*m. What is v(a)?
-3
Let u(j) = -j - 5. Let i be ((-2)/3 - -1)/((-2)/(-30)). Let y = i + -11. Determine u(y).
1
Suppose 0 = -4*d + 38 + 10. Suppose d + 0 = 3*u. Let v(h) = -h**3 + 3*h**2 + 4*h + 3. What is v(u)?
3
Let w(j) = -35 + 7 + 14 + 5 - 3*j. Give w(-9).
18
Let t = 312 + -309. Let o(l) be the first derivative of -2*l - 4 + 1/4*l**4 + 5/3*l**t - 1/2*l**2. Calculate o(-5).
3
Let u(w) = -w**3 + 4*w**2 - 4*w + 4. Suppose -16 = -q - 3*q. Suppose -1 + 4 = 2*h - d, -q*d = -5*h + 12. Suppose v = 3 - h. Determine u(v).
1
Let w be -3 + -7 - (1 + -3). Let d = 4 + w. Let h(r) = -r**2 - 3*r + 5. Calculate h(d).
1
Suppose -26*z + 116 = 532. Let v(c) = c + 12. Give v(z).
-4
Let r(m) = -m**3 + 5*m**2 - 3*m + 4. Let y = -3 - -10. Suppose 0 = -v - 3 + y. Calculate r(v).
8
Let r(n) be the third derivative of n**5/60 - n**4/8 + n**3/2 - n**2. Let d = -231 - -121. Let k = 113 + d. Give r(k).
3
Let w(b) = 3*b + 1. Let z be ((-25)/(-4 + -1))/1. Let h(q) = 2*q + 1. Let s(v) = z*w(v) - 6*h(v). Give s(1).
2
Suppose 8*j - 9*j = 1. Let i(w) be the third derivative of -w**4/24 - 2*w**2. Let m(d) = 6*d + 5. Let r(y) = j*m(y) - 5*i(y). Give r(-3).
-2
Let b(z) be the third derivative of z**5/15 - 17*z**4/12 + 19*z**3/6 - 21*z**2. Let i(p) = 3*p**2 - 23*p + 13. Let y(q) = 5*b(q) - 7*i(q). Calculate y(-8).
12
Let v(w) = -245 - 15*w + 14*w + 255. Determine v(7).
3
Let z be (-2)/2*(6 + 0). Let j(r) = 34 + 2*r - 7 - 20 + r. Give j(z).
-11
Let r(b) = -2*b**3 + b + 2. Suppose 0 = d - 5*k + 6, 0 = -2*d + 43*k - 42*k - 3. Determine r(d).
3
Let u(t) be the first derivative of t**3/3 - 3*t**2 + 6*t + 544. Determine u(6).
6
Let j 